{"id":144,"date":"2014-10-08T18:24:03","date_gmt":"2014-10-08T18:24:03","guid":{"rendered":"http:\/\/wecportugal.talentos-objetivos.pt\/?page_id=144"},"modified":"2022-12-13T15:50:10","modified_gmt":"2022-12-13T15:50:10","slug":"panorama-em-portugal","status":"publish","type":"page","link":"https:\/\/talentos-objetivos.pt\/wecportugal\/pt\/o-enduro\/panorama-em-portugal\/","title":{"rendered":"Panorama em Portugal"},"content":{"rendered":"<dl id=\"attachment_157\" class=\"wp-caption\" style=\"width: 600px\">\n<dt class=\"wp-caption-dt\">\n<div id=\"attachment_157\" style=\"width: 610px\" class=\"wp-caption aligncenter\"><img loading=\"lazy\" decoding=\"async\" aria-describedby=\"caption-attachment-157\" class=\"wp-image-157\" src=\"https:\/\/talentos-objetivos.pt\/wecportugal\/wp-content\/uploads\/sites\/6\/2022\/12\/JOE-E-TO-PINTANAS-01.jpg\" alt=\"\" width=\"600\" height=\"433\"><p id=\"caption-attachment-157\" class=\"wp-caption-text\">Macal GTX 50.&nbsp;Moto de Jos\u00e9 Joaquim e pilotada por Joe Meunier, irm\u00e3o de Peter Meunier e patrocinado pela Forvel. Foi transformada por Jos\u00e9 Joaquim Carvalho nas instala\u00e7\u00f5es de Peter Meunier em Coimbra.<br \/> Foto tirada no long\u00ednquo ano de 79, no primeiro enduro da Figueira Foz. O mesmo n\u00e3o se chegou a realizar.<\/p><\/div><\/dt>\n<\/dl>\n<p style=\"text-align: justify\">O final dos anos 70 marcou o surgir do Enduro em Portugal como prova desportiva. Naquela altura as corridas surgiram como resultado de vontade de alguns grupos de amigos quererem fazer algo mais do que passear ao fim-de-semana. Foi isso mesmo que aconteceu na zona de Sintra, com a realiza\u00e7\u00e3o do Enduro das Praias, considerada como a primeira prova de Enduro disputada em solo lusitano, no j\u00e1 long\u00ednquo ano de 1979. A divis\u00e3o das classes era simples: 50cc e mais de 50cc, com as primeiras a estarem divididas entre motos preparadas e motos de s\u00e9rie. O vencedor da classe reservada \u00e0 50cc \u201cartilhadas\u201d foi o falecido Bernardo Ferr\u00e3o, enquanto nas mais de 50cc ganhou J\u00falio Lopes. As 50cc de s\u00e9rie foram ganhas por um piloto de Cascais, ficando na segunda posi\u00e7\u00e3o um dos hist\u00f3ricos da modalidade, Ant\u00f3nio Lopes.<\/p>\n<p style=\"text-align: justify\">Nesse mesmo ano, em Outubro, surge na Figueira da Foz aquele que deveria ter sido o primeiro Enduro verdadeiro, com regras id\u00eanticas ao que se fazia a n\u00edvel internacional, por for\u00e7a de Jos\u00e9 Mendon\u00e7a, um jovem que gostava de andar de mota na terra e que tinha estado presente nos Seis Dias de 1978 na Su\u00e9cia para fazer uma reportagem para o jornal Motor. Mendon\u00e7a recolheu toda a informa\u00e7\u00e3o poss\u00edvel na prova sueca e quis fazer igual, mas um problema burocr\u00e1tico levou a que todo o programa de fim-de-semana fosse encurtado (onde estavam inclu\u00eddas demonstra\u00e7\u00f5es de Trial, speedway e mesmo exibi\u00e7\u00e3o de filmes sempre a rondar o mesmo tema: as motos). A prova n\u00e3o se realizou devido a um problema burocr\u00e1tico surgido \u00e0 \u00faltima da hora, mas como na altura o jornal Autosport noticiava pela m\u00e3o de Jorge Viegas \u201cN\u00e3o houve prova, mas salvou-se a ideia!\u201d. Como curiosidade, refira-se que na altura um dos motivos apontados para uma presen\u00e7a algo reduzida dos pilotos teve a ver com o facto de esta prova j\u00e1 ter um regulamento \u201cbastante elaborado, segundo os moldes internacionais, pelo que muitos dos concorrentes, inclusivamente muitos dos que correram no Enduro da Duas Praias n\u00e3o tiveram possibilidade de p\u00f4r as suas m\u00e1quinas em condi\u00e7\u00f5es de alinhar\u201d. Da\u00ed para c\u00e1 a modalidade evoluiu da forma que todos sabemos, mas s\u00f3 em 1985 os portugueses foram pela primeira vez aos Seis Dias conforme Ant\u00f3nio Lopes referiu j\u00e1 em 1996 \u201ca prova disputou-se em Espanha e todos ach\u00e1mos que era uma oportunidade que n\u00e3o dever\u00edamos perder, nem que tiv\u00e9ssemos que pedir dinheiro emprestado aos bancos como foi o caso.\u201d Esta participa\u00e7\u00e3o acabou por quase terminar na primeira subida da prova, mas de qualquer forma foi o pontap\u00e9 de sa\u00edda definitivo para a modalidade em Portugal.<\/p>\n<p style=\"text-align: justify\">O panorama nacional hoje em dia \u00e9 muito diferente. Tanto pilotos como selec\u00e7\u00f5es j\u00e1 s\u00e3o encarados a n\u00edvel internacional com enorme respeito, sendo os principais factores n\u00e3o s\u00f3 a profissionaliza\u00e7\u00e3o dos pilotos mas tamb\u00e9m o n\u00edvel organizativo dos nossos eventos.<\/p>\n<p style=\"text-align: justify\">Com efeito, Portugal tem hoje em dia uma reputa\u00e7\u00e3o organizativa internacional como muito poucos pa\u00edses, sendo a prova disso as continuas atribui\u00e7\u00f5es de eventos internacionais que se t\u00eam pautado pelos tr\u00eas primeiros do <em>ranking<\/em> da FIM \u2013 Federa\u00e7\u00e3o Internacional de Motociclismo. A n\u00edvel nacional o Campeonato \u00e9 constitu\u00edda por 6 provas e, com as suas realiza\u00e7\u00f5es, t\u00eam promovido atividade econ\u00f3mica aos locais por onde \u201cpassa\u201d e brindado as \u201cgentes\u201d da regi\u00e3o com este espetacular desporto.<\/p>\n","protected":false},"excerpt":{"rendered":"<p>O final dos anos 70 marcou o surgir do Enduro em Portugal como prova desportiva. Naquela altura as corridas surgiram como resultado de vontade de alguns grupos de amigos quererem fazer algo mais do que passear ao fim-de-semana. Foi isso mesmo que aconteceu na zona de Sintra, com a realiza\u00e7\u00e3o&hellip; <\/p>\n","protected":false},"author":2,"featured_media":0,"parent":137,"menu_order":0,"comment_status":"closed","ping_status":"open","template":"","meta":{"footnotes":""},"class_list":["post-144","page","type-page","status-publish","hentry"],"yoast_head":"<!-- This site is optimized with the Yoast SEO plugin v27.4 - https:\/\/yoast.com\/product\/yoast-seo-wordpress\/ -->\n<title>Panorama em Portugal - GP de Portugal<\/title>\n<meta name=\"robots\" content=\"index, follow, max-snippet:-1, max-image-preview:large, max-video-preview:-1\" \/>\n<link rel=\"canonical\" href=\"https:\/\/talentos-objetivos.pt\/wecportugal\/pt\/o-enduro\/panorama-em-portugal\/\" \/>\n<meta property=\"og:locale\" content=\"pt_PT\" \/>\n<meta property=\"og:type\" content=\"article\" \/>\n<meta property=\"og:title\" content=\"Panorama em Portugal - GP de Portugal\" \/>\n<meta property=\"og:description\" content=\"O final dos anos 70 marcou o surgir do Enduro em Portugal como prova desportiva. Naquela altura as corridas surgiram como resultado de vontade de alguns grupos de amigos quererem fazer algo mais do que passear ao fim-de-semana. Foi isso mesmo que aconteceu na zona de Sintra, com a realiza\u00e7\u00e3o&hellip;\" \/>\n<meta property=\"og:url\" content=\"https:\/\/talentos-objetivos.pt\/wecportugal\/pt\/o-enduro\/panorama-em-portugal\/\" \/>\n<meta property=\"og:site_name\" content=\"GP de Portugal\" \/>\n<meta property=\"article:modified_time\" content=\"2022-12-13T15:50:10+00:00\" \/>\n<meta name=\"twitter:card\" content=\"summary_large_image\" \/>\n<meta name=\"twitter:label1\" content=\"Tempo estimado de leitura\" \/>\n\t<meta name=\"twitter:data1\" content=\"3 minutos\" \/>\n<script type=\"application\/ld+json\" class=\"yoast-schema-graph\">{\"@context\":\"https:\\\/\\\/schema.org\",\"@graph\":[{\"@type\":\"WebPage\",\"@id\":\"https:\\\/\\\/talentos-objetivos.pt\\\/wecportugal\\\/pt\\\/o-enduro\\\/panorama-em-portugal\\\/\",\"url\":\"https:\\\/\\\/talentos-objetivos.pt\\\/wecportugal\\\/pt\\\/o-enduro\\\/panorama-em-portugal\\\/\",\"name\":\"Panorama em Portugal - GP de Portugal\",\"isPartOf\":{\"@id\":\"https:\\\/\\\/talentos-objetivos.pt\\\/wecportugal\\\/#website\"},\"primaryImageOfPage\":{\"@id\":\"https:\\\/\\\/talentos-objetivos.pt\\\/wecportugal\\\/pt\\\/o-enduro\\\/panorama-em-portugal\\\/#primaryimage\"},\"image\":{\"@id\":\"https:\\\/\\\/talentos-objetivos.pt\\\/wecportugal\\\/pt\\\/o-enduro\\\/panorama-em-portugal\\\/#primaryimage\"},\"thumbnailUrl\":\"https:\\\/\\\/talentos-objetivos.pt\\\/wecportugal\\\/wp-content\\\/uploads\\\/sites\\\/6\\\/2022\\\/12\\\/JOE-E-TO-PINTANAS-01.jpg\",\"datePublished\":\"2014-10-08T18:24:03+00:00\",\"dateModified\":\"2022-12-13T15:50:10+00:00\",\"breadcrumb\":{\"@id\":\"https:\\\/\\\/talentos-objetivos.pt\\\/wecportugal\\\/pt\\\/o-enduro\\\/panorama-em-portugal\\\/#breadcrumb\"},\"inLanguage\":\"pt-PT\",\"potentialAction\":[{\"@type\":\"ReadAction\",\"target\":[\"https:\\\/\\\/talentos-objetivos.pt\\\/wecportugal\\\/pt\\\/o-enduro\\\/panorama-em-portugal\\\/\"]}]},{\"@type\":\"ImageObject\",\"inLanguage\":\"pt-PT\",\"@id\":\"https:\\\/\\\/talentos-objetivos.pt\\\/wecportugal\\\/pt\\\/o-enduro\\\/panorama-em-portugal\\\/#primaryimage\",\"url\":\"\",\"contentUrl\":\"\"},{\"@type\":\"BreadcrumbList\",\"@id\":\"https:\\\/\\\/talentos-objetivos.pt\\\/wecportugal\\\/pt\\\/o-enduro\\\/panorama-em-portugal\\\/#breadcrumb\",\"itemListElement\":[{\"@type\":\"ListItem\",\"position\":1,\"name\":\"In\u00edcio\",\"item\":\"https:\\\/\\\/talentos-objetivos.pt\\\/wecportugal\\\/\"},{\"@type\":\"ListItem\",\"position\":2,\"name\":\"PT\",\"item\":\"https:\\\/\\\/talentos-objetivos.pt\\\/wecportugal\\\/pt\\\/\"},{\"@type\":\"ListItem\",\"position\":3,\"name\":\"O Enduro\",\"item\":\"https:\\\/\\\/talentos-objetivos.pt\\\/wecportugal\\\/pt\\\/o-enduro\\\/\"},{\"@type\":\"ListItem\",\"position\":4,\"name\":\"Panorama em Portugal\"}]},{\"@type\":\"WebSite\",\"@id\":\"https:\\\/\\\/talentos-objetivos.pt\\\/wecportugal\\\/#website\",\"url\":\"https:\\\/\\\/talentos-objetivos.pt\\\/wecportugal\\\/\",\"name\":\"GP de Portugal\",\"description\":\"European Enduro Championship  - Gouveia\",\"potentialAction\":[{\"@type\":\"SearchAction\",\"target\":{\"@type\":\"EntryPoint\",\"urlTemplate\":\"https:\\\/\\\/talentos-objetivos.pt\\\/wecportugal\\\/?s={search_term_string}\"},\"query-input\":{\"@type\":\"PropertyValueSpecification\",\"valueRequired\":true,\"valueName\":\"search_term_string\"}}],\"inLanguage\":\"pt-PT\"}]}<\/script>\n<!-- \/ Yoast SEO plugin. -->","yoast_head_json":{"title":"Panorama em Portugal - GP de Portugal","robots":{"index":"index","follow":"follow","max-snippet":"max-snippet:-1","max-image-preview":"max-image-preview:large","max-video-preview":"max-video-preview:-1"},"canonical":"https:\/\/talentos-objetivos.pt\/wecportugal\/pt\/o-enduro\/panorama-em-portugal\/","og_locale":"pt_PT","og_type":"article","og_title":"Panorama em Portugal - GP de Portugal","og_description":"O final dos anos 70 marcou o surgir do Enduro em Portugal como prova desportiva. Naquela altura as corridas surgiram como resultado de vontade de alguns grupos de amigos quererem fazer algo mais do que passear ao fim-de-semana. Foi isso mesmo que aconteceu na zona de Sintra, com a realiza\u00e7\u00e3o&hellip;","og_url":"https:\/\/talentos-objetivos.pt\/wecportugal\/pt\/o-enduro\/panorama-em-portugal\/","og_site_name":"GP de Portugal","article_modified_time":"2022-12-13T15:50:10+00:00","twitter_card":"summary_large_image","twitter_misc":{"Tempo estimado de leitura":"3 minutos"},"schema":{"@context":"https:\/\/schema.org","@graph":[{"@type":"WebPage","@id":"https:\/\/talentos-objetivos.pt\/wecportugal\/pt\/o-enduro\/panorama-em-portugal\/","url":"https:\/\/talentos-objetivos.pt\/wecportugal\/pt\/o-enduro\/panorama-em-portugal\/","name":"Panorama em Portugal - GP de Portugal","isPartOf":{"@id":"https:\/\/talentos-objetivos.pt\/wecportugal\/#website"},"primaryImageOfPage":{"@id":"https:\/\/talentos-objetivos.pt\/wecportugal\/pt\/o-enduro\/panorama-em-portugal\/#primaryimage"},"image":{"@id":"https:\/\/talentos-objetivos.pt\/wecportugal\/pt\/o-enduro\/panorama-em-portugal\/#primaryimage"},"thumbnailUrl":"https:\/\/talentos-objetivos.pt\/wecportugal\/wp-content\/uploads\/sites\/6\/2022\/12\/JOE-E-TO-PINTANAS-01.jpg","datePublished":"2014-10-08T18:24:03+00:00","dateModified":"2022-12-13T15:50:10+00:00","breadcrumb":{"@id":"https:\/\/talentos-objetivos.pt\/wecportugal\/pt\/o-enduro\/panorama-em-portugal\/#breadcrumb"},"inLanguage":"pt-PT","potentialAction":[{"@type":"ReadAction","target":["https:\/\/talentos-objetivos.pt\/wecportugal\/pt\/o-enduro\/panorama-em-portugal\/"]}]},{"@type":"ImageObject","inLanguage":"pt-PT","@id":"https:\/\/talentos-objetivos.pt\/wecportugal\/pt\/o-enduro\/panorama-em-portugal\/#primaryimage","url":"","contentUrl":""},{"@type":"BreadcrumbList","@id":"https:\/\/talentos-objetivos.pt\/wecportugal\/pt\/o-enduro\/panorama-em-portugal\/#breadcrumb","itemListElement":[{"@type":"ListItem","position":1,"name":"In\u00edcio","item":"https:\/\/talentos-objetivos.pt\/wecportugal\/"},{"@type":"ListItem","position":2,"name":"PT","item":"https:\/\/talentos-objetivos.pt\/wecportugal\/pt\/"},{"@type":"ListItem","position":3,"name":"O Enduro","item":"https:\/\/talentos-objetivos.pt\/wecportugal\/pt\/o-enduro\/"},{"@type":"ListItem","position":4,"name":"Panorama em Portugal"}]},{"@type":"WebSite","@id":"https:\/\/talentos-objetivos.pt\/wecportugal\/#website","url":"https:\/\/talentos-objetivos.pt\/wecportugal\/","name":"GP de Portugal","description":"European Enduro Championship  - Gouveia","potentialAction":[{"@type":"SearchAction","target":{"@type":"EntryPoint","urlTemplate":"https:\/\/talentos-objetivos.pt\/wecportugal\/?s={search_term_string}"},"query-input":{"@type":"PropertyValueSpecification","valueRequired":true,"valueName":"search_term_string"}}],"inLanguage":"pt-PT"}]}},"_links":{"self":[{"href":"https:\/\/talentos-objetivos.pt\/wecportugal\/wp-json\/wp\/v2\/pages\/144","targetHints":{"allow":["GET"]}}],"collection":[{"href":"https:\/\/talentos-objetivos.pt\/wecportugal\/wp-json\/wp\/v2\/pages"}],"about":[{"href":"https:\/\/talentos-objetivos.pt\/wecportugal\/wp-json\/wp\/v2\/types\/page"}],"author":[{"embeddable":true,"href":"https:\/\/talentos-objetivos.pt\/wecportugal\/wp-json\/wp\/v2\/users\/2"}],"replies":[{"embeddable":true,"href":"https:\/\/talentos-objetivos.pt\/wecportugal\/wp-json\/wp\/v2\/comments?post=144"}],"version-history":[{"count":0,"href":"https:\/\/talentos-objetivos.pt\/wecportugal\/wp-json\/wp\/v2\/pages\/144\/revisions"}],"up":[{"embeddable":true,"href":"https:\/\/talentos-objetivos.pt\/wecportugal\/wp-json\/wp\/v2\/pages\/137"}],"wp:attachment":[{"href":"https:\/\/talentos-objetivos.pt\/wecportugal\/wp-json\/wp\/v2\/media?parent=144"}],"curies":[{"name":"wp","href":"https:\/\/api.w.org\/{rel}","templated":true}]}}