{"id":348,"date":"2014-10-28T20:48:24","date_gmt":"2014-10-28T20:48:24","guid":{"rendered":"http:\/\/wecportugal.talentos-objetivos.pt\/?page_id=348"},"modified":"2014-10-28T20:48:24","modified_gmt":"2014-10-28T20:48:24","slug":"paddock","status":"publish","type":"page","link":"https:\/\/talentos-objetivos.pt\/wecportugal\/uk\/race-info\/paddock\/","title":{"rendered":"Paddock"},"content":{"rendered":"<ul>\n<li><b><span lang=\"EN-GB\">Senhora dos Verdes Park<\/span><\/b><\/li>\n<\/ul>\n<p style=\"text-align: justify\"><img loading=\"lazy\" decoding=\"async\" class=\" wp-image-951 alignleft\" src=\"http:\/\/wecportugal.talentos-objetivos.pt\/wp-content\/uploads\/2014\/10\/paddocKmisto.jpg\" alt=\"paddocKmisto\" width=\"302\" height=\"354\" \/>Located in the 2000 hectares large Monte Alj\u00e3o, the Senhora dos Verdes (Our Lady of the Green) Park is property of A.B.P.G. \u2013 Associa\u00e7\u00e3o de Benefici\u00eancia Popular de Gouveia, Private Social Solidarity Institution \u2013 since 1880 and belongs to the parish of Cativelos, in the Municipality of Gouveia.<\/p>\n<p style=\"text-align: justify\">The park boasts 22 fenced hectares which are fully equipped with infrastructures, and over 120 hectares of natural grounds, wooded with pine trees and other typical tree and bush species of the region. These wooded grounds also contain a few kilometres of hiking trails, where various activities and sports can take place.<\/p>\n<p style=\"text-align: justify\">The Nossa Senhora dos Verdes \u2013 Alj\u00e3o Park has always hosted annual pilgrimages in June, when the religious festivities in celebration of Our Lady of the Green occur. These pilgrimages are characterized by the echoes of chants to Our Lady of the Green, baskets carried by the pilgrims which are filled with dishes watered with the God Bacchus, and music played by the Philharmonic bands.<\/p>\n<p style=\"text-align: justify\"><img loading=\"lazy\" decoding=\"async\" class=\"alignleft wp-image-1988\" src=\"http:\/\/wecportugal.talentos-objetivos.pt\/wp-content\/uploads\/2014\/10\/DJI01326-300x169.jpg\" alt=\"DJI01326\" width=\"535\" height=\"301\" \/><\/p>\n","protected":false},"excerpt":{"rendered":"<p>Senhora dos Verdes Park Located in the 2000 hectares large Monte Alj\u00e3o, the Senhora dos Verdes (Our Lady of the Green) Park is property of A.B.P.G. \u2013 Associa\u00e7\u00e3o de Benefici\u00eancia Popular de Gouveia, Private Social Solidarity Institution \u2013 since 1880 and belongs to the parish of Cativelos, in the Municipality&hellip; <\/p>\n","protected":false},"author":2,"featured_media":0,"parent":342,"menu_order":0,"comment_status":"closed","ping_status":"closed","template":"","meta":{"footnotes":""},"class_list":["post-348","page","type-page","status-publish","hentry"],"yoast_head":"<!-- This site is optimized with the Yoast SEO plugin v27.5 - https:\/\/yoast.com\/product\/yoast-seo-wordpress\/ -->\n<title>Paddock - GP de Portugal<\/title>\n<meta name=\"robots\" content=\"index, follow, max-snippet:-1, max-image-preview:large, max-video-preview:-1\" \/>\n<link rel=\"canonical\" href=\"https:\/\/talentos-objetivos.pt\/wecportugal\/uk\/race-info\/paddock\/\" \/>\n<meta property=\"og:locale\" content=\"pt_PT\" \/>\n<meta property=\"og:type\" content=\"article\" \/>\n<meta property=\"og:title\" content=\"Paddock - GP de Portugal\" \/>\n<meta property=\"og:description\" content=\"Senhora dos Verdes Park Located in the 2000 hectares large Monte Alj\u00e3o, the Senhora dos Verdes (Our Lady of the Green) Park is property of A.B.P.G. \u2013 Associa\u00e7\u00e3o de Benefici\u00eancia Popular de Gouveia, Private Social Solidarity Institution \u2013 since 1880 and belongs to the parish of Cativelos, in the Municipality&hellip;\" \/>\n<meta property=\"og:url\" content=\"https:\/\/talentos-objetivos.pt\/wecportugal\/uk\/race-info\/paddock\/\" \/>\n<meta property=\"og:site_name\" content=\"GP de Portugal\" \/>\n<meta name=\"twitter:card\" content=\"summary_large_image\" \/>\n<meta name=\"twitter:label1\" content=\"Tempo estimado de leitura\" \/>\n\t<meta name=\"twitter:data1\" content=\"1 minuto\" \/>\n<script type=\"application\/ld+json\" class=\"yoast-schema-graph\">{\"@context\":\"https:\\\/\\\/schema.org\",\"@graph\":[{\"@type\":\"WebPage\",\"@id\":\"https:\\\/\\\/talentos-objetivos.pt\\\/wecportugal\\\/uk\\\/race-info\\\/paddock\\\/\",\"url\":\"https:\\\/\\\/talentos-objetivos.pt\\\/wecportugal\\\/uk\\\/race-info\\\/paddock\\\/\",\"name\":\"Paddock - GP de Portugal\",\"isPartOf\":{\"@id\":\"https:\\\/\\\/talentos-objetivos.pt\\\/wecportugal\\\/#website\"},\"primaryImageOfPage\":{\"@id\":\"https:\\\/\\\/talentos-objetivos.pt\\\/wecportugal\\\/uk\\\/race-info\\\/paddock\\\/#primaryimage\"},\"image\":{\"@id\":\"https:\\\/\\\/talentos-objetivos.pt\\\/wecportugal\\\/uk\\\/race-info\\\/paddock\\\/#primaryimage\"},\"thumbnailUrl\":\"http:\\\/\\\/wecportugal.talentos-objetivos.pt\\\/wp-content\\\/uploads\\\/2014\\\/10\\\/paddocKmisto.jpg\",\"datePublished\":\"2014-10-28T20:48:24+00:00\",\"breadcrumb\":{\"@id\":\"https:\\\/\\\/talentos-objetivos.pt\\\/wecportugal\\\/uk\\\/race-info\\\/paddock\\\/#breadcrumb\"},\"inLanguage\":\"pt-PT\",\"potentialAction\":[{\"@type\":\"ReadAction\",\"target\":[\"https:\\\/\\\/talentos-objetivos.pt\\\/wecportugal\\\/uk\\\/race-info\\\/paddock\\\/\"]}]},{\"@type\":\"ImageObject\",\"inLanguage\":\"pt-PT\",\"@id\":\"https:\\\/\\\/talentos-objetivos.pt\\\/wecportugal\\\/uk\\\/race-info\\\/paddock\\\/#primaryimage\",\"url\":\"http:\\\/\\\/wecportugal.talentos-objetivos.pt\\\/wp-content\\\/uploads\\\/2014\\\/10\\\/paddocKmisto.jpg\",\"contentUrl\":\"http:\\\/\\\/wecportugal.talentos-objetivos.pt\\\/wp-content\\\/uploads\\\/2014\\\/10\\\/paddocKmisto.jpg\"},{\"@type\":\"BreadcrumbList\",\"@id\":\"https:\\\/\\\/talentos-objetivos.pt\\\/wecportugal\\\/uk\\\/race-info\\\/paddock\\\/#breadcrumb\",\"itemListElement\":[{\"@type\":\"ListItem\",\"position\":1,\"name\":\"In\u00edcio\",\"item\":\"https:\\\/\\\/talentos-objetivos.pt\\\/wecportugal\\\/\"},{\"@type\":\"ListItem\",\"position\":2,\"name\":\"UK\",\"item\":\"https:\\\/\\\/talentos-objetivos.pt\\\/wecportugal\\\/uk\\\/\"},{\"@type\":\"ListItem\",\"position\":3,\"name\":\"Race Info\",\"item\":\"https:\\\/\\\/talentos-objetivos.pt\\\/wecportugal\\\/uk\\\/race-info\\\/\"},{\"@type\":\"ListItem\",\"position\":4,\"name\":\"Paddock\"}]},{\"@type\":\"WebSite\",\"@id\":\"https:\\\/\\\/talentos-objetivos.pt\\\/wecportugal\\\/#website\",\"url\":\"https:\\\/\\\/talentos-objetivos.pt\\\/wecportugal\\\/\",\"name\":\"GP de Portugal\",\"description\":\"European Enduro Championship  - Gouveia\",\"potentialAction\":[{\"@type\":\"SearchAction\",\"target\":{\"@type\":\"EntryPoint\",\"urlTemplate\":\"https:\\\/\\\/talentos-objetivos.pt\\\/wecportugal\\\/?s={search_term_string}\"},\"query-input\":{\"@type\":\"PropertyValueSpecification\",\"valueRequired\":true,\"valueName\":\"search_term_string\"}}],\"inLanguage\":\"pt-PT\"}]}<\/script>\n<!-- \/ Yoast SEO plugin. -->","yoast_head_json":{"title":"Paddock - GP de Portugal","robots":{"index":"index","follow":"follow","max-snippet":"max-snippet:-1","max-image-preview":"max-image-preview:large","max-video-preview":"max-video-preview:-1"},"canonical":"https:\/\/talentos-objetivos.pt\/wecportugal\/uk\/race-info\/paddock\/","og_locale":"pt_PT","og_type":"article","og_title":"Paddock - GP de Portugal","og_description":"Senhora dos Verdes Park Located in the 2000 hectares large Monte Alj\u00e3o, the Senhora dos Verdes (Our Lady of the Green) Park is property of A.B.P.G. \u2013 Associa\u00e7\u00e3o de Benefici\u00eancia Popular de Gouveia, Private Social Solidarity Institution \u2013 since 1880 and belongs to the parish of Cativelos, in the Municipality&hellip;","og_url":"https:\/\/talentos-objetivos.pt\/wecportugal\/uk\/race-info\/paddock\/","og_site_name":"GP de Portugal","twitter_card":"summary_large_image","twitter_misc":{"Tempo estimado de leitura":"1 minuto"},"schema":{"@context":"https:\/\/schema.org","@graph":[{"@type":"WebPage","@id":"https:\/\/talentos-objetivos.pt\/wecportugal\/uk\/race-info\/paddock\/","url":"https:\/\/talentos-objetivos.pt\/wecportugal\/uk\/race-info\/paddock\/","name":"Paddock - GP de Portugal","isPartOf":{"@id":"https:\/\/talentos-objetivos.pt\/wecportugal\/#website"},"primaryImageOfPage":{"@id":"https:\/\/talentos-objetivos.pt\/wecportugal\/uk\/race-info\/paddock\/#primaryimage"},"image":{"@id":"https:\/\/talentos-objetivos.pt\/wecportugal\/uk\/race-info\/paddock\/#primaryimage"},"thumbnailUrl":"http:\/\/wecportugal.talentos-objetivos.pt\/wp-content\/uploads\/2014\/10\/paddocKmisto.jpg","datePublished":"2014-10-28T20:48:24+00:00","breadcrumb":{"@id":"https:\/\/talentos-objetivos.pt\/wecportugal\/uk\/race-info\/paddock\/#breadcrumb"},"inLanguage":"pt-PT","potentialAction":[{"@type":"ReadAction","target":["https:\/\/talentos-objetivos.pt\/wecportugal\/uk\/race-info\/paddock\/"]}]},{"@type":"ImageObject","inLanguage":"pt-PT","@id":"https:\/\/talentos-objetivos.pt\/wecportugal\/uk\/race-info\/paddock\/#primaryimage","url":"http:\/\/wecportugal.talentos-objetivos.pt\/wp-content\/uploads\/2014\/10\/paddocKmisto.jpg","contentUrl":"http:\/\/wecportugal.talentos-objetivos.pt\/wp-content\/uploads\/2014\/10\/paddocKmisto.jpg"},{"@type":"BreadcrumbList","@id":"https:\/\/talentos-objetivos.pt\/wecportugal\/uk\/race-info\/paddock\/#breadcrumb","itemListElement":[{"@type":"ListItem","position":1,"name":"In\u00edcio","item":"https:\/\/talentos-objetivos.pt\/wecportugal\/"},{"@type":"ListItem","position":2,"name":"UK","item":"https:\/\/talentos-objetivos.pt\/wecportugal\/uk\/"},{"@type":"ListItem","position":3,"name":"Race Info","item":"https:\/\/talentos-objetivos.pt\/wecportugal\/uk\/race-info\/"},{"@type":"ListItem","position":4,"name":"Paddock"}]},{"@type":"WebSite","@id":"https:\/\/talentos-objetivos.pt\/wecportugal\/#website","url":"https:\/\/talentos-objetivos.pt\/wecportugal\/","name":"GP de Portugal","description":"European Enduro Championship  - Gouveia","potentialAction":[{"@type":"SearchAction","target":{"@type":"EntryPoint","urlTemplate":"https:\/\/talentos-objetivos.pt\/wecportugal\/?s={search_term_string}"},"query-input":{"@type":"PropertyValueSpecification","valueRequired":true,"valueName":"search_term_string"}}],"inLanguage":"pt-PT"}]}},"_links":{"self":[{"href":"https:\/\/talentos-objetivos.pt\/wecportugal\/wp-json\/wp\/v2\/pages\/348","targetHints":{"allow":["GET"]}}],"collection":[{"href":"https:\/\/talentos-objetivos.pt\/wecportugal\/wp-json\/wp\/v2\/pages"}],"about":[{"href":"https:\/\/talentos-objetivos.pt\/wecportugal\/wp-json\/wp\/v2\/types\/page"}],"author":[{"embeddable":true,"href":"https:\/\/talentos-objetivos.pt\/wecportugal\/wp-json\/wp\/v2\/users\/2"}],"replies":[{"embeddable":true,"href":"https:\/\/talentos-objetivos.pt\/wecportugal\/wp-json\/wp\/v2\/comments?post=348"}],"version-history":[{"count":0,"href":"https:\/\/talentos-objetivos.pt\/wecportugal\/wp-json\/wp\/v2\/pages\/348\/revisions"}],"up":[{"embeddable":true,"href":"https:\/\/talentos-objetivos.pt\/wecportugal\/wp-json\/wp\/v2\/pages\/342"}],"wp:attachment":[{"href":"https:\/\/talentos-objetivos.pt\/wecportugal\/wp-json\/wp\/v2\/media?parent=348"}],"curies":[{"name":"wp","href":"https:\/\/api.w.org\/{rel}","templated":true}]}}

<ul>
<li><b><span lang="EN-GB">Senhora dos Verdes Park</span></b></li>
</ul>
<p style="text-align: justify"><img loading="lazy" decoding="async" class=" wp-image-951 alignleft" src="http://wecportugal.talentos-objetivos.pt/wp-content/uploads/2014/10/paddocKmisto.jpg" alt="paddocKmisto" width="302" height="354" />Located in the 2000 hectares large Monte Aljão, the Senhora dos Verdes (Our Lady of the Green) Park is property of A.B.P.G. – Associação de Beneficiência Popular de Gouveia, Private Social Solidarity Institution – since 1880 and belongs to the parish of Cativelos, in the Municipality of Gouveia.</p>
<p style="text-align: justify">The park boasts 22 fenced hectares which are fully equipped with infrastructures, and over 120 hectares of natural grounds, wooded with pine trees and other typical tree and bush species of the region. These wooded grounds also contain a few kilometres of hiking trails, where various activities and sports can take place.</p>
<p style="text-align: justify">The Nossa Senhora dos Verdes – Aljão Park has always hosted annual pilgrimages in June, when the religious festivities in celebration of Our Lady of the Green occur. These pilgrimages are characterized by the echoes of chants to Our Lady of the Green, baskets carried by the pilgrims which are filled with dishes watered with the God Bacchus, and music played by the Philharmonic bands.</p>
<p style="text-align: justify"><img loading="lazy" decoding="async" class="alignleft wp-image-1988" src="http://wecportugal.talentos-objetivos.pt/wp-content/uploads/2014/10/DJI01326-300x169.jpg" alt="DJI01326" width="535" height="301" /></p>

<p>Senhora dos Verdes Park Located in the 2000 hectares large Monte Aljão, the Senhora dos Verdes (Our Lady of the Green) Park is property of A.B.P.G. – Associação de Beneficiência Popular de Gouveia, Private Social Solidarity Institution – since 1880 and belongs to the parish of Cativelos, in the Municipality&hellip; </p>

<!-- This site is optimized with the Yoast SEO plugin v27.5 - https://yoast.com/product/yoast-seo-wordpress/ -->
<title>Paddock - GP de Portugal</title>
<meta name="robots" content="index, follow, max-snippet:-1, max-image-preview:large, max-video-preview:-1" />
<link rel="canonical" href="https://talentos-objetivos.pt/wecportugal/uk/race-info/paddock/" />
<meta property="og:locale" content="pt_PT" />
<meta property="og:type" content="article" />
<meta property="og:title" content="Paddock - GP de Portugal" />
<meta property="og:description" content="Senhora dos Verdes Park Located in the 2000 hectares large Monte Aljão, the Senhora dos Verdes (Our Lady of the Green) Park is property of A.B.P.G. – Associação de Beneficiência Popular de Gouveia, Private Social Solidarity Institution – since 1880 and belongs to the parish of Cativelos, in the Municipality&hellip;" />
<meta property="og:url" content="https://talentos-objetivos.pt/wecportugal/uk/race-info/paddock/" />
<meta property="og:site_name" content="GP de Portugal" />
<meta name="twitter:card" content="summary_large_image" />
<meta name="twitter:label1" content="Tempo estimado de leitura" />
	<meta name="twitter:data1" content="1 minuto" />
<script type="application/ld+json" class="yoast-schema-graph">{"@context":"https:\/\/schema.org","@graph":[{"@type":"WebPage","@id":"https:\/\/talentos-objetivos.pt\/wecportugal\/uk\/race-info\/paddock\/","url":"https:\/\/talentos-objetivos.pt\/wecportugal\/uk\/race-info\/paddock\/","name":"Paddock - GP de Portugal","isPartOf":{"@id":"https:\/\/talentos-objetivos.pt\/wecportugal\/#website"},"primaryImageOfPage":{"@id":"https:\/\/talentos-objetivos.pt\/wecportugal\/uk\/race-info\/paddock\/#primaryimage"},"image":{"@id":"https:\/\/talentos-objetivos.pt\/wecportugal\/uk\/race-info\/paddock\/#primaryimage"},"thumbnailUrl":"http:\/\/wecportugal.talentos-objetivos.pt\/wp-content\/uploads\/2014\/10\/paddocKmisto.jpg","datePublished":"2014-10-28T20:48:24+00:00","breadcrumb":{"@id":"https:\/\/talentos-objetivos.pt\/wecportugal\/uk\/race-info\/paddock\/#breadcrumb"},"inLanguage":"pt-PT","potentialAction":[{"@type":"ReadAction","target":["https:\/\/talentos-objetivos.pt\/wecportugal\/uk\/race-info\/paddock\/"]}]},{"@type":"ImageObject","inLanguage":"pt-PT","@id":"https:\/\/talentos-objetivos.pt\/wecportugal\/uk\/race-info\/paddock\/#primaryimage","url":"http:\/\/wecportugal.talentos-objetivos.pt\/wp-content\/uploads\/2014\/10\/paddocKmisto.jpg","contentUrl":"http:\/\/wecportugal.talentos-objetivos.pt\/wp-content\/uploads\/2014\/10\/paddocKmisto.jpg"},{"@type":"BreadcrumbList","@id":"https:\/\/talentos-objetivos.pt\/wecportugal\/uk\/race-info\/paddock\/#breadcrumb","itemListElement":[{"@type":"ListItem","position":1,"name":"Início","item":"https:\/\/talentos-objetivos.pt\/wecportugal\/"},{"@type":"ListItem","position":2,"name":"UK","item":"https:\/\/talentos-objetivos.pt\/wecportugal\/uk\/"},{"@type":"ListItem","position":3,"name":"Race Info","item":"https:\/\/talentos-objetivos.pt\/wecportugal\/uk\/race-info\/"},{"@type":"ListItem","position":4,"name":"Paddock"}]},{"@type":"WebSite","@id":"https:\/\/talentos-objetivos.pt\/wecportugal\/#website","url":"https:\/\/talentos-objetivos.pt\/wecportugal\/","name":"GP de Portugal","description":"European Enduro Championship  - Gouveia","potentialAction":[{"@type":"SearchAction","target":{"@type":"EntryPoint","urlTemplate":"https:\/\/talentos-objetivos.pt\/wecportugal\/?s={search_term_string}"},"query-input":{"@type":"PropertyValueSpecification","valueRequired":true,"valueName":"search_term_string"}}],"inLanguage":"pt-PT"}]}</script>
<!-- / Yoast SEO plugin. -->

Senhora dos Verdes Park Located in the 2000 hectares large Monte Aljão, the Senhora dos Verdes (Our Lady of the Green) Park is property of A.B.P.G. – Associação de Beneficiência Popular de Gouveia, Private Social Solidarity Institution – since 1880 and belongs to the parish of Cativelos, in the Municipality&hellip;

Início
