{"id":426,"date":"2014-10-28T22:26:59","date_gmt":"2014-10-28T22:26:59","guid":{"rendered":"http:\/\/wecportugal.talentos-objetivos.pt\/?page_id=426"},"modified":"2014-10-28T22:26:59","modified_gmt":"2014-10-28T22:26:59","slug":"press-releases","status":"publish","type":"page","link":"https:\/\/talentos-objetivos.pt\/wecportugal\/uk\/media\/press-releases\/","title":{"rendered":"Press Releases"},"content":{"rendered":"<p><strong>PR 4 &#8211; 13\/04\/2015\u00a0<a href=\"http:\/\/wecportugal.talentos-objetivos.pt\/wp-content\/uploads\/2014\/10\/WECGouveia2015_13042015_GP-de-Portugal-de-Enduro-tem-classe-aberta-a-todos-os-pilotos.pdf\" target=\"_blank\">GP de Portugal de Enduro tem classe aberta a todos os pilotos<br \/>\n<\/a><br \/>\nPR 3 &#8211; 25\/02\/2015\u00a0<\/strong><a href=\"http:\/\/wecportugal.talentos-objetivos.pt\/wp-content\/uploads\/2015\/02\/Comunicado-de-Imprensa_Paulo-Gon\u00e7alves-H\u00e9lder-Rodrigues-e-M\u00e1rio-Patr\u00e3o-apadrinham-GP-de-Portugal-de-Enduro-25-de-Fevereiro-de-2015.pdf\" target=\"_blank\">Paulo Gon\u00e7alves, H\u00e9lder Rodrigues e M\u00e1rio Patr\u00e3o apadrinham GP de Portugal de Enduro<\/a><\/p>\n<p><strong>PR 2 &#8211; 25\/02\/2015<\/strong>\u00a0<a href=\"http:\/\/wecportugal.talentos-objetivos.pt\/wp-content\/uploads\/2015\/02\/Comunicado-de-Imprensa_Mundial-de-Enduro-25-de-Fevereiro-de-2015.pdf\" target=\"_blank\">Apresenta\u00e7\u00e3o Oficial do GP de Portugal de Enduro<\/a><\/p>\n<p><strong>PR 1 &#8211; 18\/09\/2014<\/strong>\u00a0<a href=\"http:\/\/wecportugal.talentos-objetivos.pt\/wp-content\/uploads\/2015\/02\/Comunicado-de-Imprensa_Mundial-de-Enduro-18-de-Setembro-de-2014.pdf\" target=\"_blank\">Gouveia receber\u00e1 o Campeonato do\u00a0Mundo de Enduro em 2015<\/a><\/p>\n","protected":false},"excerpt":{"rendered":"<p>Coming soon&#8230;<\/p>\n","protected":false},"author":2,"featured_media":0,"parent":362,"menu_order":0,"comment_status":"closed","ping_status":"closed","template":"","meta":{"footnotes":""},"class_list":["post-426","page","type-page","status-publish","hentry"],"yoast_head":"<!-- This site is optimized with the Yoast SEO plugin v27.5 - https:\/\/yoast.com\/product\/yoast-seo-wordpress\/ -->\n<title>Press Releases - GP de Portugal<\/title>\n<meta name=\"robots\" content=\"index, follow, max-snippet:-1, max-image-preview:large, max-video-preview:-1\" \/>\n<link rel=\"canonical\" href=\"https:\/\/talentos-objetivos.pt\/wecportugal\/uk\/media\/press-releases\/\" \/>\n<meta property=\"og:locale\" content=\"pt_PT\" \/>\n<meta property=\"og:type\" content=\"article\" \/>\n<meta property=\"og:title\" content=\"Press Releases - GP de Portugal\" \/>\n<meta property=\"og:description\" content=\"Coming soon...\" \/>\n<meta property=\"og:url\" content=\"https:\/\/talentos-objetivos.pt\/wecportugal\/uk\/media\/press-releases\/\" \/>\n<meta property=\"og:site_name\" content=\"GP de Portugal\" \/>\n<meta name=\"twitter:card\" content=\"summary_large_image\" \/>\n<script type=\"application\/ld+json\" class=\"yoast-schema-graph\">{\"@context\":\"https:\\\/\\\/schema.org\",\"@graph\":[{\"@type\":\"WebPage\",\"@id\":\"https:\\\/\\\/talentos-objetivos.pt\\\/wecportugal\\\/uk\\\/media\\\/press-releases\\\/\",\"url\":\"https:\\\/\\\/talentos-objetivos.pt\\\/wecportugal\\\/uk\\\/media\\\/press-releases\\\/\",\"name\":\"Press Releases - GP de Portugal\",\"isPartOf\":{\"@id\":\"https:\\\/\\\/talentos-objetivos.pt\\\/wecportugal\\\/#website\"},\"datePublished\":\"2014-10-28T22:26:59+00:00\",\"breadcrumb\":{\"@id\":\"https:\\\/\\\/talentos-objetivos.pt\\\/wecportugal\\\/uk\\\/media\\\/press-releases\\\/#breadcrumb\"},\"inLanguage\":\"pt-PT\",\"potentialAction\":[{\"@type\":\"ReadAction\",\"target\":[\"https:\\\/\\\/talentos-objetivos.pt\\\/wecportugal\\\/uk\\\/media\\\/press-releases\\\/\"]}]},{\"@type\":\"BreadcrumbList\",\"@id\":\"https:\\\/\\\/talentos-objetivos.pt\\\/wecportugal\\\/uk\\\/media\\\/press-releases\\\/#breadcrumb\",\"itemListElement\":[{\"@type\":\"ListItem\",\"position\":1,\"name\":\"In\u00edcio\",\"item\":\"https:\\\/\\\/talentos-objetivos.pt\\\/wecportugal\\\/\"},{\"@type\":\"ListItem\",\"position\":2,\"name\":\"UK\",\"item\":\"https:\\\/\\\/talentos-objetivos.pt\\\/wecportugal\\\/uk\\\/\"},{\"@type\":\"ListItem\",\"position\":3,\"name\":\"Media\",\"item\":\"https:\\\/\\\/talentos-objetivos.pt\\\/wecportugal\\\/uk\\\/media\\\/\"},{\"@type\":\"ListItem\",\"position\":4,\"name\":\"Press Releases\"}]},{\"@type\":\"WebSite\",\"@id\":\"https:\\\/\\\/talentos-objetivos.pt\\\/wecportugal\\\/#website\",\"url\":\"https:\\\/\\\/talentos-objetivos.pt\\\/wecportugal\\\/\",\"name\":\"GP de Portugal\",\"description\":\"European Enduro Championship  - Gouveia\",\"potentialAction\":[{\"@type\":\"SearchAction\",\"target\":{\"@type\":\"EntryPoint\",\"urlTemplate\":\"https:\\\/\\\/talentos-objetivos.pt\\\/wecportugal\\\/?s={search_term_string}\"},\"query-input\":{\"@type\":\"PropertyValueSpecification\",\"valueRequired\":true,\"valueName\":\"search_term_string\"}}],\"inLanguage\":\"pt-PT\"}]}<\/script>\n<!-- \/ Yoast SEO plugin. -->","yoast_head_json":{"title":"Press Releases - GP de Portugal","robots":{"index":"index","follow":"follow","max-snippet":"max-snippet:-1","max-image-preview":"max-image-preview:large","max-video-preview":"max-video-preview:-1"},"canonical":"https:\/\/talentos-objetivos.pt\/wecportugal\/uk\/media\/press-releases\/","og_locale":"pt_PT","og_type":"article","og_title":"Press Releases - GP de Portugal","og_description":"Coming soon...","og_url":"https:\/\/talentos-objetivos.pt\/wecportugal\/uk\/media\/press-releases\/","og_site_name":"GP de Portugal","twitter_card":"summary_large_image","schema":{"@context":"https:\/\/schema.org","@graph":[{"@type":"WebPage","@id":"https:\/\/talentos-objetivos.pt\/wecportugal\/uk\/media\/press-releases\/","url":"https:\/\/talentos-objetivos.pt\/wecportugal\/uk\/media\/press-releases\/","name":"Press Releases - GP de Portugal","isPartOf":{"@id":"https:\/\/talentos-objetivos.pt\/wecportugal\/#website"},"datePublished":"2014-10-28T22:26:59+00:00","breadcrumb":{"@id":"https:\/\/talentos-objetivos.pt\/wecportugal\/uk\/media\/press-releases\/#breadcrumb"},"inLanguage":"pt-PT","potentialAction":[{"@type":"ReadAction","target":["https:\/\/talentos-objetivos.pt\/wecportugal\/uk\/media\/press-releases\/"]}]},{"@type":"BreadcrumbList","@id":"https:\/\/talentos-objetivos.pt\/wecportugal\/uk\/media\/press-releases\/#breadcrumb","itemListElement":[{"@type":"ListItem","position":1,"name":"In\u00edcio","item":"https:\/\/talentos-objetivos.pt\/wecportugal\/"},{"@type":"ListItem","position":2,"name":"UK","item":"https:\/\/talentos-objetivos.pt\/wecportugal\/uk\/"},{"@type":"ListItem","position":3,"name":"Media","item":"https:\/\/talentos-objetivos.pt\/wecportugal\/uk\/media\/"},{"@type":"ListItem","position":4,"name":"Press Releases"}]},{"@type":"WebSite","@id":"https:\/\/talentos-objetivos.pt\/wecportugal\/#website","url":"https:\/\/talentos-objetivos.pt\/wecportugal\/","name":"GP de Portugal","description":"European Enduro Championship  - Gouveia","potentialAction":[{"@type":"SearchAction","target":{"@type":"EntryPoint","urlTemplate":"https:\/\/talentos-objetivos.pt\/wecportugal\/?s={search_term_string}"},"query-input":{"@type":"PropertyValueSpecification","valueRequired":true,"valueName":"search_term_string"}}],"inLanguage":"pt-PT"}]}},"_links":{"self":[{"href":"https:\/\/talentos-objetivos.pt\/wecportugal\/wp-json\/wp\/v2\/pages\/426","targetHints":{"allow":["GET"]}}],"collection":[{"href":"https:\/\/talentos-objetivos.pt\/wecportugal\/wp-json\/wp\/v2\/pages"}],"about":[{"href":"https:\/\/talentos-objetivos.pt\/wecportugal\/wp-json\/wp\/v2\/types\/page"}],"author":[{"embeddable":true,"href":"https:\/\/talentos-objetivos.pt\/wecportugal\/wp-json\/wp\/v2\/users\/2"}],"replies":[{"embeddable":true,"href":"https:\/\/talentos-objetivos.pt\/wecportugal\/wp-json\/wp\/v2\/comments?post=426"}],"version-history":[{"count":0,"href":"https:\/\/talentos-objetivos.pt\/wecportugal\/wp-json\/wp\/v2\/pages\/426\/revisions"}],"up":[{"embeddable":true,"href":"https:\/\/talentos-objetivos.pt\/wecportugal\/wp-json\/wp\/v2\/pages\/362"}],"wp:attachment":[{"href":"https:\/\/talentos-objetivos.pt\/wecportugal\/wp-json\/wp\/v2\/media?parent=426"}],"curies":[{"name":"wp","href":"https:\/\/api.w.org\/{rel}","templated":true}]}}

<p><strong>PR 4 &#8211; 13/04/2015 <a href="http://wecportugal.talentos-objetivos.pt/wp-content/uploads/2014/10/WECGouveia2015_13042015_GP-de-Portugal-de-Enduro-tem-classe-aberta-a-todos-os-pilotos.pdf" target="_blank">GP de Portugal de Enduro tem classe aberta a todos os pilotos<br />
</a><br />
PR 3 &#8211; 25/02/2015 </strong><a href="http://wecportugal.talentos-objetivos.pt/wp-content/uploads/2015/02/Comunicado-de-Imprensa_Paulo-Gonçalves-Hélder-Rodrigues-e-Mário-Patrão-apadrinham-GP-de-Portugal-de-Enduro-25-de-Fevereiro-de-2015.pdf" target="_blank">Paulo Gonçalves, Hélder Rodrigues e Mário Patrão apadrinham GP de Portugal de Enduro</a></p>
<p><strong>PR 2 &#8211; 25/02/2015</strong> <a href="http://wecportugal.talentos-objetivos.pt/wp-content/uploads/2015/02/Comunicado-de-Imprensa_Mundial-de-Enduro-25-de-Fevereiro-de-2015.pdf" target="_blank">Apresentação Oficial do GP de Portugal de Enduro</a></p>
<p><strong>PR 1 &#8211; 18/09/2014</strong> <a href="http://wecportugal.talentos-objetivos.pt/wp-content/uploads/2015/02/Comunicado-de-Imprensa_Mundial-de-Enduro-18-de-Setembro-de-2014.pdf" target="_blank">Gouveia receberá o Campeonato do Mundo de Enduro em 2015</a></p>

<!-- This site is optimized with the Yoast SEO plugin v27.5 - https://yoast.com/product/yoast-seo-wordpress/ -->
<title>Press Releases - GP de Portugal</title>
<meta name="robots" content="index, follow, max-snippet:-1, max-image-preview:large, max-video-preview:-1" />
<link rel="canonical" href="https://talentos-objetivos.pt/wecportugal/uk/media/press-releases/" />
<meta property="og:locale" content="pt_PT" />
<meta property="og:type" content="article" />
<meta property="og:title" content="Press Releases - GP de Portugal" />
<meta property="og:description" content="Coming soon..." />
<meta property="og:url" content="https://talentos-objetivos.pt/wecportugal/uk/media/press-releases/" />
<meta property="og:site_name" content="GP de Portugal" />
<meta name="twitter:card" content="summary_large_image" />
<script type="application/ld+json" class="yoast-schema-graph">{"@context":"https:\/\/schema.org","@graph":[{"@type":"WebPage","@id":"https:\/\/talentos-objetivos.pt\/wecportugal\/uk\/media\/press-releases\/","url":"https:\/\/talentos-objetivos.pt\/wecportugal\/uk\/media\/press-releases\/","name":"Press Releases - GP de Portugal","isPartOf":{"@id":"https:\/\/talentos-objetivos.pt\/wecportugal\/#website"},"datePublished":"2014-10-28T22:26:59+00:00","breadcrumb":{"@id":"https:\/\/talentos-objetivos.pt\/wecportugal\/uk\/media\/press-releases\/#breadcrumb"},"inLanguage":"pt-PT","potentialAction":[{"@type":"ReadAction","target":["https:\/\/talentos-objetivos.pt\/wecportugal\/uk\/media\/press-releases\/"]}]},{"@type":"BreadcrumbList","@id":"https:\/\/talentos-objetivos.pt\/wecportugal\/uk\/media\/press-releases\/#breadcrumb","itemListElement":[{"@type":"ListItem","position":1,"name":"Início","item":"https:\/\/talentos-objetivos.pt\/wecportugal\/"},{"@type":"ListItem","position":2,"name":"UK","item":"https:\/\/talentos-objetivos.pt\/wecportugal\/uk\/"},{"@type":"ListItem","position":3,"name":"Media","item":"https:\/\/talentos-objetivos.pt\/wecportugal\/uk\/media\/"},{"@type":"ListItem","position":4,"name":"Press Releases"}]},{"@type":"WebSite","@id":"https:\/\/talentos-objetivos.pt\/wecportugal\/#website","url":"https:\/\/talentos-objetivos.pt\/wecportugal\/","name":"GP de Portugal","description":"European Enduro Championship  - Gouveia","potentialAction":[{"@type":"SearchAction","target":{"@type":"EntryPoint","urlTemplate":"https:\/\/talentos-objetivos.pt\/wecportugal\/?s={search_term_string}"},"query-input":{"@type":"PropertyValueSpecification","valueRequired":true,"valueName":"search_term_string"}}],"inLanguage":"pt-PT"}]}</script>
<!-- / Yoast SEO plugin. -->

Início
